1101
In base 6, what is 0 + -330445?
-330445
In base 13, what is -31 - 4680?
-46b1
In base 6, what is 1 + 25520?
25521
In base 4, what is 1 + 131002302?
131002303
In base 7, what is -5 + 3526014?
3526006
In base 7, what is 14 + -34161?
-34144
In base 12, what is -2a6b3 - 1?
-2a6b4
In base 16, what is 4fe1b - -5?
4fe20
In base 2, what is 10 - -100001011101100010?
100001011101100100
In base 9, what is 0 - 160651?
-160651
In base 12, what is 86 + 3097?
3161
In base 15, what is 32 + 66?
98
In base 3, what is 12 - -120201120?
120201202
In base 7, what is -5 - -50423?
50415
In base 5, what is -34233 + -110?
-34343
In base 4, what is 3 + -210032323?
-210032320
In base 8, what is 21 - -30105?
30126
In base 2, what is -100 - 110000001111110?
-110000010000010
In base 8, what is -124 + -13?
-137
In base 13, what is 2c5b + 1a?
2c78
In base 6, what is -3152502 - -33?
-3152425
In base 12, what is -3845 + -3a?
-3883
In base 6, what is -5 + -531422?
-531431
In base 7, what is 11130 - 420?
10410
In base 6, what is -11 + -34411?
-34422
In base 3, what is -2210000 - -101?
-2202122
In base 7, what is -1306 - 4112?
-5421
In base 6, what is -3 - -34502005?
34502002
In base 6, what is -1245 - -33?
-1212
In base 13, what is 0 - -528c7?
528c7
In base 15, what is -d + 4020b?
401ed
In base 3, what is -2 + 100201122?
100201120
In base 3, what is -201 + 112101011201?
112101011000
In base 4, what is 20302003 + 33?
20302102
In base 9, what is -178450 + 4?
-178445
In base 8, what is -122072 + 36?
-122034
In base 6, what is 151 - 50?
101
In base 11, what is 113511 + -2?
11350a
In base 8, what is -112244 + 0?
-112244
In base 6, what is 1114314 - -140?
1114454
In base 12, what is 0 - 8ba08?
-8ba08
In base 9, what is 177 - 105?
72
In base 4, what is 21223010 - 10?
21223000
In base 10, what is -718330 + 3?
-718327
In base 13, what is -4ac2c + -15?
-4ac44
In base 3, what is 1122202 + -110202?
1012000
In base 5, what is 4004412 + 23?
4004440
In base 16, what is -de94 + -f?
-dea3
In base 16, what is -3 + -d6c?
-d6f
In base 4, what is 21313130 + 131?
21313321
In base 10, what is -229 + 112?
-117
In base 7, what is 156663 + 0?
156663
In base 6, what is 1 - -3354?
3355
In base 7, what is 2 - -3644403?
3644405
In base 15, what is 537 - -70?
5a7
In base 3, what is 100 + -1022?
-222
In base 14, what is 597571 - -3?
597574
In base 10, what is 3 - 53328?
-53325
In base 11, what is 47209 + 92?
472a0
In base 14, what is 5c6 - 433?
193
In base 5, what is 134 - 1043000?
-1042311
In base 13, what is -a + -65281?
-6528b
In base 15, what is a6da - 4?
a6d6
In base 11, what is a530 + -3?
a528
In base 4, what is -132333013 - -2?
-132333011
In base 16, what is -3 - 1a8e6?
-1a8e9
In base 14, what is -3 - -6319?
6316
In base 16, what is -17 - -29e?
287
In base 10, what is 33 - -3772?
3805
In base 8, what is -2 - 210362?
-210364
In base 10, what is -2 + 34406?
34404
In base 6, what is 2252134 - -1?
2252135
In base 5, what is 0 + -242121?
-242121
In base 13, what is 0 - 45991?
-45991
In base 13, what is 1c5ca + -5?
1c5c5
In base 8, what is -211167 + 5?
-211162
In base 15, what is -6c3 + 9c?
-626
In base 7, what is -40 - -2464?
2424
In base 5, what is -133 - 414121?
-414304
In base 4, what is -230012 + 31?
-223321
In base 16, what is 3 - 4e360?
-4e35d
In base 2, what is 101011010111 - 1011?
101011001100
In base 4, what is 1033 - 110031?
-102332
In base 6, what is -40323534 + -1?
-40323535
In base 14, what is 1a70 + 1?
1a71
In base 7, what is 0 - -14300?
14300
In base 10, what is 5 + 13115?
13120
In base 15, what is -1b - 500?
-51b
In base 4, what is -1003123 - -20?
-1003103
In base 6, what is -12141443 - 11?
-12141454
In base 9, what is -423 - 120?
-543
In base 10, what is 5 + 287554?
287559
In base 5, what is 101043023 - 4?
101043014
In base 14, what is -164 + -4a?
-1b0
In base 5, what is -1033 - -232322?
231234
In base 14, what is 17a + -2a8?
-12c
In base 2, what is -101100000001001 - -100?
-101100000000101
In base 8, what is 17 - 6062?
-6043
In base 14, what is -2dcd6 + -2?
-2dcd8
In base 5, what is -3 + -14134111?
-14134114
In base 4, what is 11 + -3002220?
-3002203
In base 12, what is -5 - -1198?
1193
In base 9, what is 18 + 22161?
22180
In base 9, what is -200677 + -12?
-200700
In base 6, what is -232 - -232?
0
In base 11, what is 3676752 + 1?
3676753
In base 8, what is -3 - -12564?
12561
In base 12, what is b72702 - -4?
b72706
In base 12, what is 0 + -72487?
-72487
In base 5, what is 3 + 33301001?
33301004
In base 12, what is 1 + 1b63a2?
1b63a3
In base 6, what is -112 + 2550?
2434
In base 6, what is 21 - -12350?
12411
In base 13, what is -221b + -53?
-2271
In base 9, what is -32312 + 35?
-32266
In base 16, what is 3690 - 48?
3648
In base 7, what is -2 - 33450?
-33452
In base 7, what is 2200 + 14060?
16260
In base 15, what is 367 - -5e5?
95c
In base 14, what is -8 - 1571?
-1579
In base 12, what is -4 + a6304?
a6300
In base 3, what is -1200111 - 1022010?
-2222121
In base 16, what is 3 - -b2a7?
b2aa
In base 5, what is -132413 + 3?
-132410
In base 6, what is -10 - -5103?
5053
In base 15, what is 3 + 9823?
9826
In base 10, what is 998 - 137?
861
In base 14, what is 7798d - -2?
77991
In base 13, what is -3c + -1c91?
-2000
In base 14, what is 10 - 227c8?
-227b8
In base 2, what is 11 - 1110010110000100000?
-1110010110000011101
In base 2, what is -101010111110010100010 + -11?
-101010111110010100101
In base 11, what is 549 + 331?
87a
In base 9, what is 3 - 86581?
-86577
In base 3, what is 1010010 + 100?
1010110
In base 12, what is 1 + 2913?
2914
In base 5, what is 12 + -1202440?
-1202423
In base 16, what is 124f - c6?
1189
In base 9, what is 482462 - -1?
482463
In base 2, what is 101011011 + 11011000011?
100000011110
In base 6, what is -53 + -13411?
-13504
In base 9, what is 1244 + 55?
1310
In base 2, what is -10110001 + 10110011010?
10011101001
In base 2, what is 1010010000100100011 + -101?
1010010000100011110
In base 3, what is 2 + -21211122121?
-21211122112
In base 15, what is -19a0 + 12?
-198d
In base 5, what is -1202 - -314?
-333
In base 3, what is -2210 + 10102211?
10100001
In base 13, what is -7b9c89 - 4?
-7b9c90
In base 10, what is 8 + -33112?
-33104
In base 8, what is -5 - -2355?
2350
In base 6, what is 23 - -321205?
321232
In base 7, what is 5 - -1241?
1246
In base 2, what is -101 - -1011101001001001?
1011101001000100
In base 13, what is -3 - -83a?
837
In base 7, what is 22 - -30316?
30341
In base 12, what is -7307 - -44?
-7283
In base 15, what is 3 - 5e4?
-5e1
In base 11, what is 61 + -310?
-25a
In base 14, what is -ab2 - 790?
-1462
In base 7, what is -12020 - -66?
-11621
In base 8, what is -17312 - 753?
-20265
In base 13, what is 35 - -2a303?
2a338
In base 4, what is 10013 + -2213?
1200
In base 2, what is 100100001110101 - -1010?
100100001111111
In base 14, what is 0 + -1611c5?
-1611c5
In base 10, what is 883 - 125?
758
In base 4, what is 3 + 2021321?
2021330
In base 10, what is 109507 - 0?
109507
In base 4, what is -330 + -33121?
-100111
In base 5, what is 1 - -42142?
42143
In base 7, what is 22521114 + 2?
22521116
In base 4, what is -20 + -300302233?
-300302313
In base 16, what is 13 - 323?
-310
In base 14, what is -65 - -576?
511
In base 9, what is 1641 - 13?
1627
In base 16, what is -4 - -45dd?
45d9
In base 3, what is 11 - 1011202201?
-1011202120
In base 9, what is 44 - -534?
578
In base 11, what is 2142 - 24?
2119
In base 4, what is 13000133001 - 0?
13000133001
In base 7, what is -134 - 2103?
-2240
In base 6, what is -344145 + -142?
-344331
In base 15, what is 1ce359 - -2?
1ce35b
In base 6, what is 554 - 320?
234
In base 6, what is 5 + 521534?
521543
In base 14, what is 3 - -bcaa2?
bcaa5
In base 2, what is -101111101101000 + 10011?
-101111101010101
In base 8, what is 70656 - -30?
70706
In base 2, what is 1100110 - -10011100001000?
10011101101110
In base 8, what is -103613 + 1?
-103612
In base 15, what is 3b13 + -1?
3b12
In base 7, what is 0 + 530463?
530463
In base 16, what is 1b1 - 372?
-1c1
In base 10, what is 191747 + 7?
191754
In base 11, what is a206a - 1?
a2069
In base 5, what is 120400321 - 2?
120400314
In base 6, what is 14 - -22214?
22232
In base 5, what is 32310 - -302?
33112
In base 15, what is -7 + -c559?
-c561
In base 9, what is 75630 - 7?
75622
In base 4, what is 133332222 